{"id":14,"date":"2025-12-31T15:38:49","date_gmt":"2025-12-31T15:38:49","guid":{"rendered":"https:\/\/smart-home-company.com.ar\/arg\/about\/"},"modified":"2026-01-15T13:23:30","modified_gmt":"2026-01-15T13:23:30","slug":"nosotros","status":"publish","type":"page","link":"https:\/\/smart-home-company.com.ar\/arg\/nosotros\/","title":{"rendered":"Nosotros"},"content":{"rendered":"<h2>LO QUE NOS DEFINE<\/h2>\n<p>En Smart Home Company unimos m\u00e1s de 20 a\u00f1os de experiencia en construcci\u00f3n tradicional con la innovaci\u00f3n de las viviendas inteligentes. Somos especialistas en sistemas no tradicionales y en la integraci\u00f3n completa del proceso constructivo: proyecto, paneles SIP, instalaciones generales y dom\u00f3tica avanzada.<\/p>\n<p>\u00a0<\/p>\n<p><b>Nuestro diferencial es claro:<\/b> No dependemos de terceros. Controlamos cada etapa del desarrollo, garantizando obras m\u00e1s r\u00e1pidas, eficientes y con una calidad superior en cada detalle.<\/p>\n<p>\u00a0<\/p>\n<p>Nacimos en Chubut con la visi\u00f3n de expandir soluciones inteligentes por toda la Patagonia, ofreciendo hogares modernos, seguros y listos para habitar, dise\u00f1ados sobre los pilares de <b>sustentabilidad, eficiencia, calidad e innovaci\u00f3n.<\/b><\/p>\n<h3><b style=\"font-size: 0.9375rem; font-style: inherit;\">Smart Home Company \u2014 Construimos el futuro de tu hogar.<\/b><\/h3>\n<figure><img decoding=\"async\" src=\"https:\/\/smart-home-company.com.ar\/arg\/wp-content\/uploads\/2026\/01\/WhatsApp-Image-2025-07-23-at-08.31.20-1-1.jpeg\" alt=\"whatsapp image 2025 07 23 at 08.31.20 (1)\" \/><\/figure>\n<figure><img decoding=\"async\" src=\"https:\/\/smart-home-company.com.ar\/arg\/wp-content\/uploads\/2026\/01\/Estar-5-1.jpeg\" alt=\"estar 5\" \/><\/figure>\n<figure><img decoding=\"async\" src=\"https:\/\/smart-home-company.com.ar\/arg\/wp-content\/uploads\/2026\/01\/Comedor-1.png\" alt=\"comedor\" \/><\/figure>\n<figure><img decoding=\"async\" src=\"https:\/\/smart-home-company.com.ar\/arg\/wp-content\/uploads\/2026\/01\/Estar-comedor-1.png\" alt=\"estar comedor\" \/><\/figure>\n<figure><img decoding=\"async\" src=\"https:\/\/smart-home-company.com.ar\/arg\/wp-content\/uploads\/2026\/01\/estar6.jpeg\" alt=\"estar6\" \/><\/figure>\n<figure><img decoding=\"async\" src=\"https:\/\/smart-home-company.com.ar\/arg\/wp-content\/uploads\/2026\/01\/Estar3.jpeg\" alt=\"estar3\" \/><\/figure>\n<figure><img decoding=\"async\" src=\"https:\/\/smart-home-company.com.ar\/arg\/wp-content\/uploads\/2026\/01\/patio.png\" alt=\"patio\" \/><\/figure>\n<h2><b>Soluciones que convierten ideas en hogares<\/b><\/h2>\n<h2>Servicio Llave en Mano<\/h2>\n<h5>Todo lo que necesitas para construir t\u00fa casa ideal, en un solo lugar<\/h5>\n<h5>En Smart Home Company ofrecemos un servicio 100% integral, pensado para que vivas una experiencia simple, segura y sin complicaciones. <\/p>\n<p>Nos encargamos de cada etapa del proyecto, desde la primera idea, hasta la entrega de la llave en mano, integrando construcci\u00f3n moderna, paneles SIP y dom\u00f3tica avanzada.<\/h5>\n<h4>Tr\u00e1mites<\/h4>\n<p>P<b>royecto Completo:<\/b> Dise\u00f1o arquitect\u00f3nico, planos, visualizaciones y documentaci\u00f3n t\u00e9cnica.<br \/>\nE<b>studios y Factibilidad:<\/b> An\u00e1lisis de servicios, suelo, nivelaci\u00f3n y condiciones del terreno.<br \/>\n<b>Gesti\u00f3n de Servicios:<\/b> Presentaci\u00f3n de factibilidad en Servicoop, Camuzzi, empresa de gas envasado.<br \/>\n<b>Gesti\u00f3n Municipal:<\/b> Presentaci\u00f3n de planos, permisos y habilitaciones.<\/p>\n<h4>Obras<\/h4>\n<p><b>Movimiento y Preparaci\u00f3n del Terreno:<\/b> Platea, nivelaci\u00f3n y compactaci\u00f3n. <br \/>E<b>structura SIP:<\/b> Armado y montaje con precisi\u00f3n profesional. <br \/><b>Colocaci\u00f3n de Aberturas:<\/b> Interiores, exteriores.<br \/>I<b>nstalaciones Completas:<\/b> El\u00e9ctrica, agua, gas, cloacas, climatizaci\u00f3n y dom\u00f3tica integrada.<br \/>T<b>erminaciones:<\/b> Cer\u00e1micos, pinturas, revestimientos, artefactos de ba\u00f1o, artefactos de cocina, colocaci\u00f3n de muebles en (cocina, dormitorios, estar, ba\u00f1o, despensa, lavadero), revestimiento exterior , veredin perimetral.<br \/>E<b>quipamiento Inteligente:<\/b> Instalaci\u00f3n y configuraci\u00f3n del ecosistema Smart Home.<br \/>P<b>uesta en Marcha + Limpieza Final de Obra:<\/b> Tu casa lista para mudarte.  <\/p>\n","protected":false},"excerpt":{"rendered":"<p>LO QUE NOS DEFINE En Smart Home Company unimos m\u00e1s de 20 a\u00f1os de experiencia en construcci\u00f3n tradicional con la innovaci\u00f3n de las viviendas inteligentes. Somos especialistas en sistemas no tradicionales y en la integraci\u00f3n completa del proceso constructivo: proyecto, paneles SIP, instalaciones generales y dom\u00f3tica avanzada. \u00a0 Nuestro diferencial es claro: No dependemos de [&hellip;]<\/p>\n","protected":false},"author":2,"featured_media":0,"parent":0,"menu_order":0,"comment_status":"closed","ping_status":"closed","template":"","meta":{"site-sidebar-layout":"no-sidebar","site-content-layout":"page-builder","ast-site-content-layout":"full-width-container","site-content-style":"unboxed","site-sidebar-style":"unboxed","ast-global-header-display":"","ast-banner-title-visibility":"","ast-main-header-display":"","ast-hfb-above-header-display":"","ast-hfb-below-header-display":"","ast-hfb-mobile-header-display":"","site-post-title":"disabled","ast-breadcrumbs-content":"","ast-featured-img":"disabled","footer-sml-layout":"","ast-disable-related-posts":"","theme-transparent-header-meta":"disabled","adv-header-id-meta":"","stick-header-meta":"","header-above-stick-meta":"","header-main-stick-meta":"","header-below-stick-meta":"","astra-migrate-meta-layouts":"set","ast-page-background-enabled":"default","ast-page-background-meta":{"desktop":{"background-color":"var(--ast-global-color-4)","background-image":"","background-repeat":"repeat","background-position":"center center","background-size":"auto","background-attachment":"scroll","background-type":"","background-media":"","overlay-type":"","overlay-color":"","overlay-opacity":"","overlay-gradient":""},"tablet":{"background-color":"","background-image":"","background-repeat":"repeat","background-position":"center center","background-size":"auto","background-attachment":"scroll","background-type":"","background-media":"","overlay-type":"","overlay-color":"","overlay-opacity":"","overlay-gradient":""},"mobile":{"background-color":"","background-image":"","background-repeat":"repeat","background-position":"center center","background-size":"auto","background-attachment":"scroll","background-type":"","background-media":"","overlay-type":"","overlay-color":"","overlay-opacity":"","overlay-gradient":""}},"ast-content-background-meta":{"desktop":{"background-color":"var(--ast-global-color-5)","background-image":"","background-repeat":"repeat","background-position":"center center","background-size":"auto","background-attachment":"scroll","background-type":"","background-media":"","overlay-type":"","overlay-color":"","overlay-opacity":"","overlay-gradient":""},"tablet":{"background-color":"var(--ast-global-color-5)","background-image":"","background-repeat":"repeat","background-position":"center center","background-size":"auto","background-attachment":"scroll","background-type":"","background-media":"","overlay-type":"","overlay-color":"","overlay-opacity":"","overlay-gradient":""},"mobile":{"background-color":"var(--ast-global-color-5)","background-image":"","background-repeat":"repeat","background-position":"center center","background-size":"auto","background-attachment":"scroll","background-type":"","background-media":"","overlay-type":"","overlay-color":"","overlay-opacity":"","overlay-gradient":""}},"footnotes":""},"class_list":["post-14","page","type-page","status-publish","hentry"],"_links":{"self":[{"href":"https:\/\/smart-home-company.com.ar\/arg\/wp-json\/wp\/v2\/pages\/14","targetHints":{"allow":["GET"]}}],"collection":[{"href":"https:\/\/smart-home-company.com.ar\/arg\/wp-json\/wp\/v2\/pages"}],"about":[{"href":"https:\/\/smart-home-company.com.ar\/arg\/wp-json\/wp\/v2\/types\/page"}],"author":[{"embeddable":true,"href":"https:\/\/smart-home-company.com.ar\/arg\/wp-json\/wp\/v2\/users\/2"}],"replies":[{"embeddable":true,"href":"https:\/\/smart-home-company.com.ar\/arg\/wp-json\/wp\/v2\/comments?post=14"}],"version-history":[{"count":95,"href":"https:\/\/smart-home-company.com.ar\/arg\/wp-json\/wp\/v2\/pages\/14\/revisions"}],"predecessor-version":[{"id":3546,"href":"https:\/\/smart-home-company.com.ar\/arg\/wp-json\/wp\/v2\/pages\/14\/revisions\/3546"}],"wp:attachment":[{"href":"https:\/\/smart-home-company.com.ar\/arg\/wp-json\/wp\/v2\/media?parent=14"}],"curies":[{"name":"wp","href":"https:\/\/api.w.org\/{rel}","templated":true}]}}