{"id":2178,"date":"2025-12-31T16:03:22","date_gmt":"2025-12-31T16:03:22","guid":{"rendered":"https:\/\/smart-home-company.com.ar\/arg\/?page_id=2178"},"modified":"2026-01-15T15:21:36","modified_gmt":"2026-01-15T15:21:36","slug":"equipamiento","status":"publish","type":"page","link":"https:\/\/smart-home-company.com.ar\/arg\/equipamiento\/","title":{"rendered":"Equipamiento"},"content":{"rendered":"<h2>EQUIPAMIENTO<\/h2>\n<p>\t\t\t\t\t\t\t\t\t\t\t\t\t\t\t<img loading=\"lazy\" decoding=\"async\" width=\"1536\" height=\"1024\" src=\"https:\/\/smart-home-company.com.ar\/arg\/wp-content\/uploads\/2026\/01\/estar.jpeg\" alt=\"estar\" srcset=\"https:\/\/smart-home-company.com.ar\/arg\/wp-content\/uploads\/2026\/01\/estar.jpeg 1536w, https:\/\/smart-home-company.com.ar\/arg\/wp-content\/uploads\/2026\/01\/estar-300x200.jpeg 300w, https:\/\/smart-home-company.com.ar\/arg\/wp-content\/uploads\/2026\/01\/estar-1024x683.jpeg 1024w, https:\/\/smart-home-company.com.ar\/arg\/wp-content\/uploads\/2026\/01\/estar-768x512.jpeg 768w\" sizes=\"auto, (max-width: 1536px) 100vw, 1536px\" \/>\t\t\t\t\t\t\t\t\t\t\t\t\t\t\t<\/p>\n<h2>Equipamiento B\u00e1sico<\/h2>\n<p>\t\t\t\t\t\t\t\t\t\t\t\t<a tabindex=\"0\">Extractor<\/a><\/p>\n<p><a href=\"https:\/\/smart-home-company.com.ar\/arg\/wp-content\/uploads\/2026\/01\/Extractor.png\"><img loading=\"lazy\" decoding=\"async\" src=\"https:\/\/smart-home-company.com.ar\/arg\/wp-content\/uploads\/2026\/01\/Extractor-300x238.png\" alt=\"extractor\" width=\"300\" height=\"238\" \/><\/a><\/p>\n<p>\t\t\t\t\t\t\t\t\t\t\t\t<a tabindex=\"0\">Termotanque<\/a><\/p>\n<p><a href=\"https:\/\/smart-home-company.com.ar\/arg\/wp-content\/uploads\/2026\/01\/Termotanque.png\"><img loading=\"lazy\" decoding=\"async\" src=\"https:\/\/smart-home-company.com.ar\/arg\/wp-content\/uploads\/2026\/01\/Termotanque.png\" alt=\"termotanque\" width=\"111\" height=\"193\" \/><\/a><\/p>\n<p>\t\t\t\t\t\t\t\t\t\t\t\t<a tabindex=\"0\">Cocina<\/a><\/p>\n<p><a href=\"https:\/\/smart-home-company.com.ar\/arg\/wp-content\/uploads\/2026\/01\/Cocina.png\"><img loading=\"lazy\" decoding=\"async\" src=\"https:\/\/smart-home-company.com.ar\/arg\/wp-content\/uploads\/2026\/01\/Cocina.png\" alt=\"cocina\" width=\"173\" height=\"201\" \/><\/a><\/p>\n<p>\t\t\t\t\t\t\t\t\t\t\t\t<a tabindex=\"0\">Calefactores<\/a><\/p>\n<p><a href=\"https:\/\/smart-home-company.com.ar\/arg\/wp-content\/uploads\/2026\/01\/Calefactor-6000kcal.png\"><img loading=\"lazy\" decoding=\"async\" src=\"https:\/\/smart-home-company.com.ar\/arg\/wp-content\/uploads\/2026\/01\/Calefactor-6000kcal.png\" alt=\"calefactor 6000kcal\" width=\"159\" height=\"186\" \/><\/a><a href=\"https:\/\/smart-home-company.com.ar\/arg\/wp-content\/uploads\/2026\/01\/Calefactor-2500kcal.png\"><img loading=\"lazy\" decoding=\"async\" src=\"https:\/\/smart-home-company.com.ar\/arg\/wp-content\/uploads\/2026\/01\/Calefactor-2500kcal.png\" alt=\"calefactor 2500kcal\" width=\"136\" height=\"183\" \/><\/a><\/p>\n<p>\t\t\t\t\t\t\t\t\t\t\t\t<a tabindex=\"0\">Artefactos de ba\u00f1o<\/a><\/p>\n<p><a href=\"https:\/\/smart-home-company.com.ar\/arg\/wp-content\/uploads\/2026\/01\/Bidet-.png\"><img loading=\"lazy\" decoding=\"async\" src=\"https:\/\/smart-home-company.com.ar\/arg\/wp-content\/uploads\/2026\/01\/Bidet--300x273.png\" alt=\"bidet\" width=\"300\" height=\"273\" \/><\/a><a href=\"https:\/\/smart-home-company.com.ar\/arg\/wp-content\/uploads\/2026\/01\/Portarrollo.png\"><img loading=\"lazy\" decoding=\"async\" src=\"https:\/\/smart-home-company.com.ar\/arg\/wp-content\/uploads\/2026\/01\/Portarrollo.png\" alt=\"portarrollo\" width=\"84\" height=\"89\" \/><\/a><a href=\"https:\/\/smart-home-company.com.ar\/arg\/wp-content\/uploads\/2026\/01\/Toallero.png\"><img loading=\"lazy\" decoding=\"async\" src=\"https:\/\/smart-home-company.com.ar\/arg\/wp-content\/uploads\/2026\/01\/Toallero.png\" alt=\"toallero\" width=\"163\" height=\"79\" \/><\/a><a href=\"https:\/\/smart-home-company.com.ar\/arg\/wp-content\/uploads\/2026\/01\/Griferia-bidet.png\"><img loading=\"lazy\" decoding=\"async\" src=\"https:\/\/smart-home-company.com.ar\/arg\/wp-content\/uploads\/2026\/01\/Griferia-bidet.png\" alt=\"griferia bidet\" width=\"185\" height=\"122\" \/><\/a><a href=\"https:\/\/smart-home-company.com.ar\/arg\/wp-content\/uploads\/2026\/01\/Lavamanos-bano.png\"><img loading=\"lazy\" decoding=\"async\" src=\"https:\/\/smart-home-company.com.ar\/arg\/wp-content\/uploads\/2026\/01\/Lavamanos-bano.png\" alt=\"lavamanos ba\u00f1o\" width=\"176\" height=\"111\" \/><\/a><a href=\"https:\/\/smart-home-company.com.ar\/arg\/wp-content\/uploads\/2026\/01\/Griferia-bano.png\"><img loading=\"lazy\" decoding=\"async\" src=\"https:\/\/smart-home-company.com.ar\/arg\/wp-content\/uploads\/2026\/01\/Griferia-bano.png\" alt=\"griferia ba\u00f1o\" width=\"166\" height=\"111\" \/><\/a><\/p>\n<p>\t\t\t\t\t\t\t\t\t\t\t\t<a tabindex=\"0\">Artefactos de cocina<\/a><\/p>\n<p><a href=\"https:\/\/smart-home-company.com.ar\/arg\/wp-content\/uploads\/2026\/01\/cocina-3.jpeg\"><img loading=\"lazy\" decoding=\"async\" src=\"https:\/\/smart-home-company.com.ar\/arg\/wp-content\/uploads\/2026\/01\/cocina-3-180x300.jpeg\" alt=\"cocina 3\" width=\"180\" height=\"300\" \/><\/a><\/p>\n<p>\t\t\t\t\t\t\t\t\t\t\t\t<a tabindex=\"0\">Amoblamientos fijos de cocina, lavadero, estar y dormitorios<\/a><\/p>\n<p><a href=\"https:\/\/smart-home-company.com.ar\/arg\/wp-content\/uploads\/2026\/01\/Lavadero.png\"><img loading=\"lazy\" decoding=\"async\" src=\"https:\/\/smart-home-company.com.ar\/arg\/wp-content\/uploads\/2026\/01\/Lavadero-300x200.png\" alt=\"lavadero\" width=\"196\" height=\"130\" \/><\/a><a href=\"https:\/\/smart-home-company.com.ar\/arg\/wp-content\/uploads\/2026\/01\/Antebano-2.png\"><img loading=\"lazy\" decoding=\"async\" src=\"https:\/\/smart-home-company.com.ar\/arg\/wp-content\/uploads\/2026\/01\/Antebano-2-200x300.png\" alt=\"anteba\u00f1o 2\" width=\"109\" height=\"164\" \/><\/a><a href=\"https:\/\/smart-home-company.com.ar\/arg\/wp-content\/uploads\/2026\/01\/Estar-4.jpeg\"><img loading=\"lazy\" decoding=\"async\" src=\"https:\/\/smart-home-company.com.ar\/arg\/wp-content\/uploads\/2026\/01\/Estar-4-300x200.jpeg\" alt=\"estar 4\" width=\"196\" height=\"130\" \/><\/a><\/p>\n<h2>Sistema dom\u00f3tica integrado<\/h2>\n<p>\t\t\t\t\t\t\t\t\t\t\t\t<a tabindex=\"0\">Cortinas inteligentes<\/a><\/p>\n<p><a href=\"https:\/\/smart-home-company.com.ar\/arg\/wp-content\/uploads\/2026\/01\/Cortina-inteligente.png\"><img loading=\"lazy\" decoding=\"async\" src=\"https:\/\/smart-home-company.com.ar\/arg\/wp-content\/uploads\/2026\/01\/Cortina-inteligente-279x300.png\" alt=\"cortina inteligente\" width=\"123\" height=\"132\" \/><\/a><a href=\"https:\/\/smart-home-company.com.ar\/arg\/wp-content\/uploads\/2026\/01\/Motor-cortina.png\"><img loading=\"lazy\" decoding=\"async\" src=\"https:\/\/smart-home-company.com.ar\/arg\/wp-content\/uploads\/2026\/01\/Motor-cortina-256x300.png\" alt=\"motor cortina\" width=\"113\" height=\"133\" \/><\/a><\/p>\n<p>\t\t\t\t\t\t\t\t\t\t\t\t<a tabindex=\"0\">Cerradura inteligente<\/a><\/p>\n<p><a href=\"https:\/\/smart-home-company.com.ar\/arg\/wp-content\/uploads\/2026\/01\/Cerradura-inteligente.png\"><img loading=\"lazy\" decoding=\"async\" src=\"https:\/\/smart-home-company.com.ar\/arg\/wp-content\/uploads\/2026\/01\/Cerradura-inteligente-221x300.png\" alt=\"cerradura inteligente\" width=\"221\" height=\"300\" \/><\/a><\/p>\n<p>\t\t\t\t\t\t\t\t\t\t\t\t<a tabindex=\"0\">Sistema de alarma.<\/a><\/p>\n<p><a href=\"https:\/\/smart-home-company.com.ar\/arg\/wp-content\/uploads\/2026\/01\/Sistema-alarma.png\"><img loading=\"lazy\" decoding=\"async\" src=\"https:\/\/smart-home-company.com.ar\/arg\/wp-content\/uploads\/2026\/01\/Sistema-alarma-300x286.png\" alt=\"sistema alarma\" width=\"300\" height=\"286\" \/><\/a><\/p>\n<p>\t\t\t\t\t\t\t\t\t\t\t\t<a tabindex=\"0\">Sistema de c\u00e1maras exteriores<\/a><\/p>\n<p><a href=\"https:\/\/smart-home-company.com.ar\/arg\/wp-content\/uploads\/2026\/01\/Camaras-de-Seguridad.png\"><img loading=\"lazy\" decoding=\"async\" src=\"https:\/\/smart-home-company.com.ar\/arg\/wp-content\/uploads\/2026\/01\/Camaras-de-Seguridad-300x288.png\" alt=\"camaras de seguridad\" width=\"300\" height=\"288\" \/><\/a><\/p>\n<p>\t\t\t\t\t\t\t\t\t\t\t\t<a tabindex=\"0\">Sistema de cine y sonido<\/a><\/p>\n<p><a href=\"https:\/\/smart-home-company.com.ar\/arg\/wp-content\/uploads\/2026\/01\/Sistema-cine-audio.png\"><img loading=\"lazy\" decoding=\"async\" src=\"https:\/\/smart-home-company.com.ar\/arg\/wp-content\/uploads\/2026\/01\/Sistema-cine-audio-300x196.png\" alt=\"sistema cine audio\" width=\"146\" height=\"96\" \/><\/a> <a href=\"https:\/\/smart-home-company.com.ar\/arg\/wp-content\/uploads\/2026\/01\/Sistema-cine.png\"><img loading=\"lazy\" decoding=\"async\" src=\"https:\/\/smart-home-company.com.ar\/arg\/wp-content\/uploads\/2026\/01\/Sistema-cine-300x289.png\" alt=\"sistema cine\" width=\"100\" height=\"96\" \/><\/a><\/p>\n<p>\t\t\t\t\t\t\t\t\t\t\t\t<a tabindex=\"0\">Aire Acondicionado<\/a><\/p>\n<p><a href=\"https:\/\/smart-home-company.com.ar\/arg\/wp-content\/uploads\/2026\/01\/Aire-Acondicionado.png\"><img loading=\"lazy\" decoding=\"async\" src=\"https:\/\/smart-home-company.com.ar\/arg\/wp-content\/uploads\/2026\/01\/Aire-Acondicionado-300x104.png\" alt=\"aire acondicionado\" width=\"255\" height=\"88\" \/><\/a><a href=\"https:\/\/smart-home-company.com.ar\/arg\/wp-content\/uploads\/2026\/01\/Aire-Acondicionado2.png\"><img loading=\"lazy\" decoding=\"async\" src=\"https:\/\/smart-home-company.com.ar\/arg\/wp-content\/uploads\/2026\/01\/Aire-Acondicionado2-300x130.png\" alt=\"aire acondicionado2\" width=\"196\" height=\"85\" \/><\/a><\/p>\n<p>\t\t\t\t\t\t\t\t\t\t\t\t<a tabindex=\"0\">Detectores de humo y mon\u00f3xido<\/a><\/p>\n<p><a href=\"https:\/\/smart-home-company.com.ar\/arg\/wp-content\/uploads\/2026\/01\/Detector-humo.png\"><img loading=\"lazy\" decoding=\"async\" src=\"https:\/\/smart-home-company.com.ar\/arg\/wp-content\/uploads\/2026\/01\/Detector-humo-300x176.png\" alt=\"detector humo\" width=\"300\" height=\"176\" \/><\/a><\/p>\n<p>\t\t\t\t\t\t\t\t\t\t\t\t<a tabindex=\"0\">Inodoro inteligente<\/a><\/p>\n<p><a href=\"https:\/\/smart-home-company.com.ar\/arg\/wp-content\/uploads\/2026\/01\/Inodoro-inteligente.png\"><img loading=\"lazy\" decoding=\"async\" src=\"https:\/\/smart-home-company.com.ar\/arg\/wp-content\/uploads\/2026\/01\/Inodoro-inteligente-300x285.png\" alt=\"inodoro inteligente\" width=\"141\" height=\"134\" \/><\/a><\/p>\n<p>\t\t\t\t\t\t\t\t\t\t\t\t<a tabindex=\"0\">Ducha inteligente<\/a><\/p>\n<p><a href=\"https:\/\/smart-home-company.com.ar\/arg\/wp-content\/uploads\/2026\/01\/Ducha-inteligente.png\"><img loading=\"lazy\" decoding=\"async\" src=\"https:\/\/smart-home-company.com.ar\/arg\/wp-content\/uploads\/2026\/01\/Ducha-inteligente-290x300.png\" alt=\"ducha inteligente\" width=\"138\" height=\"143\" \/><\/a><\/p>\n<p>\t\t\t\t\t\t\t\t\t\t\t\t<a tabindex=\"0\">Bacha inteligente<\/a><\/p>\n<p><a href=\"https:\/\/smart-home-company.com.ar\/arg\/wp-content\/uploads\/2026\/01\/Bacha-digital.png\"><img loading=\"lazy\" decoding=\"async\" src=\"https:\/\/smart-home-company.com.ar\/arg\/wp-content\/uploads\/2026\/01\/Bacha-digital.png\" alt=\"bacha digital\" width=\"191\" height=\"134\" \/><\/a><\/p>\n<p>\t\t\t\t\t\t\t\t\t\t\t\t<a tabindex=\"0\">Espejos inteligentes<\/a><\/p>\n<p><a href=\"https:\/\/smart-home-company.com.ar\/arg\/wp-content\/uploads\/2026\/01\/Espejo-inteligente-red.png\"><img loading=\"lazy\" decoding=\"async\" src=\"https:\/\/smart-home-company.com.ar\/arg\/wp-content\/uploads\/2026\/01\/Espejo-inteligente-red-300x293.png\" alt=\"espejo inteligente red\" width=\"191\" height=\"187\" \/><\/a> <a href=\"https:\/\/smart-home-company.com.ar\/arg\/wp-content\/uploads\/2026\/01\/Espejo-inteligente.png\"><img loading=\"lazy\" decoding=\"async\" src=\"https:\/\/smart-home-company.com.ar\/arg\/wp-content\/uploads\/2026\/01\/Espejo-inteligente.png\" alt=\"espejo inteligente\" width=\"151\" height=\"185\" \/><\/a><\/p>\n<p>\t\t\t\t\t\t\t\t\t\t\t\t<a tabindex=\"0\">Sistema de pantalla y altavoces para controlar el sistema<\/a><\/p>\n<p><a href=\"https:\/\/smart-home-company.com.ar\/arg\/wp-content\/uploads\/2026\/01\/Altavoz-alexa.png\"><img loading=\"lazy\" decoding=\"async\" src=\"https:\/\/smart-home-company.com.ar\/arg\/wp-content\/uploads\/2026\/01\/Altavoz-alexa-300x286.png\" alt=\"altavoz alexa\" width=\"108\" height=\"103\" \/><\/a><a href=\"https:\/\/smart-home-company.com.ar\/arg\/wp-content\/uploads\/2026\/01\/Pantalla-digital.png\"><img loading=\"lazy\" decoding=\"async\" src=\"https:\/\/smart-home-company.com.ar\/arg\/wp-content\/uploads\/2026\/01\/Pantalla-digital-300x160.png\" alt=\"pantalla digital\" width=\"193\" height=\"102\" \/><\/a><\/p>\n<p>\t\t\t\t\t\t\t\t\t\t\t\t<a tabindex=\"0\">Enchufes inteligentes<\/a><\/p>\n<p><a href=\"https:\/\/smart-home-company.com.ar\/arg\/wp-content\/uploads\/2026\/01\/Tomacorriente-Llave-inteligente.png\"><img loading=\"lazy\" decoding=\"async\" src=\"https:\/\/smart-home-company.com.ar\/arg\/wp-content\/uploads\/2026\/01\/Tomacorriente-Llave-inteligente-200x300.png\" alt=\"tomacorriente + llave inteligente\" width=\"136\" height=\"203\" \/><\/a> <a href=\"https:\/\/smart-home-company.com.ar\/arg\/wp-content\/uploads\/2026\/01\/Tecla-inteligente.png\"><img loading=\"lazy\" decoding=\"async\" src=\"https:\/\/smart-home-company.com.ar\/arg\/wp-content\/uploads\/2026\/01\/Tecla-inteligente-185x300.png\" alt=\"tecla inteligente\" width=\"126\" height=\"204\" \/><\/a><\/p>\n<p>\t\t\t\t\t\t\t\t\t\t\t\t<a tabindex=\"0\">Luces inteligentes<\/a><\/p>\n<p>\u00a0 <a href=\"https:\/\/smart-home-company.com.ar\/arg\/wp-content\/uploads\/2026\/01\/Aplique-techo.png\"><img loading=\"lazy\" decoding=\"async\" src=\"https:\/\/smart-home-company.com.ar\/arg\/wp-content\/uploads\/2026\/01\/Aplique-techo-300x142.png\" alt=\"aplique techo\" width=\"300\" height=\"142\" \/><\/a> <a href=\"https:\/\/smart-home-company.com.ar\/arg\/wp-content\/uploads\/2026\/01\/Lamparas-colgantes.png\"><img loading=\"lazy\" decoding=\"async\" src=\"https:\/\/smart-home-company.com.ar\/arg\/wp-content\/uploads\/2026\/01\/Lamparas-colgantes-227x300.png\" alt=\"lamparas colgantes\" width=\"107\" height=\"141\" \/><\/a><\/p>\n<p>\t\t\t\t\t\t\t\t\t\t\t\t\t\t\t<img loading=\"lazy\" decoding=\"async\" width=\"1100\" height=\"825\" src=\"https:\/\/smart-home-company.com.ar\/arg\/wp-content\/uploads\/2026\/01\/6-Beneficios-para-hacerte-la-vida-mas-facil-2-1100x825-1.jpg\" alt=\"6 beneficios para hacerte la vida mas facil 2 1100x825\" srcset=\"https:\/\/smart-home-company.com.ar\/arg\/wp-content\/uploads\/2026\/01\/6-Beneficios-para-hacerte-la-vida-mas-facil-2-1100x825-1.jpg 1100w, https:\/\/smart-home-company.com.ar\/arg\/wp-content\/uploads\/2026\/01\/6-Beneficios-para-hacerte-la-vida-mas-facil-2-1100x825-1-300x225.jpg 300w, https:\/\/smart-home-company.com.ar\/arg\/wp-content\/uploads\/2026\/01\/6-Beneficios-para-hacerte-la-vida-mas-facil-2-1100x825-1-1024x768.jpg 1024w, https:\/\/smart-home-company.com.ar\/arg\/wp-content\/uploads\/2026\/01\/6-Beneficios-para-hacerte-la-vida-mas-facil-2-1100x825-1-768x576.jpg 768w\" sizes=\"auto, (max-width: 1100px) 100vw, 1100px\" \/>\t\t\t\t\t\t\t\t\t\t\t\t\t\t\t<\/p>\n<h3>Todo el sistema se puede controlar desde tu tel\u00e9fono m\u00f3vil o por altavoces mediante Alexa.<\/h3>\n","protected":false},"excerpt":{"rendered":"<p>EQUIPAMIENTO Equipamiento B\u00e1sico Extractor Termotanque Cocina Calefactores Artefactos de ba\u00f1o Artefactos de cocina Amoblamientos fijos de cocina, lavadero, estar y dormitorios Sistema dom\u00f3tica integrado Cortinas inteligentes Cerradura inteligente Sistema de alarma. Sistema de c\u00e1maras exteriores Sistema de cine y sonido Aire Acondicionado Detectores de humo y mon\u00f3xido Inodoro inteligente Ducha inteligente Bacha inteligente Espejos inteligentes [&hellip;]<\/p>\n","protected":false},"author":2,"featured_media":0,"parent":0,"menu_order":0,"comment_status":"closed","ping_status":"closed","template":"","meta":{"site-sidebar-layout":"no-sidebar","site-content-layout":"page-builder","ast-site-content-layout":"full-width-container","site-content-style":"default","site-sidebar-style":"default","ast-global-header-display":"","ast-banner-title-visibility":"","ast-main-header-display":"","ast-hfb-above-header-display":"","ast-hfb-below-header-display":"","ast-hfb-mobile-header-display":"","site-post-title":"disabled","ast-breadcrumbs-content":"","ast-featured-img":"disabled","footer-sml-layout":"","ast-disable-related-posts":"","theme-transparent-header-meta":"","adv-header-id-meta":"","stick-header-meta":"","header-above-stick-meta":"","header-main-stick-meta":"","header-below-stick-meta":"","astra-migrate-meta-layouts":"set","ast-page-background-enabled":"default","ast-page-background-meta":{"desktop":{"background-color":"var(--ast-global-color-4)","background-image":"","background-repeat":"repeat","background-position":"center center","background-size":"auto","background-attachment":"scroll","background-type":"","background-media":"","overlay-type":"","overlay-color":"","overlay-opacity":"","overlay-gradient":""},"tablet":{"background-color":"","background-image":"","background-repeat":"repeat","background-position":"center center","background-size":"auto","background-attachment":"scroll","background-type":"","background-media":"","overlay-type":"","overlay-color":"","overlay-opacity":"","overlay-gradient":""},"mobile":{"background-color":"","background-image":"","background-repeat":"repeat","background-position":"center center","background-size":"auto","background-attachment":"scroll","background-type":"","background-media":"","overlay-type":"","overlay-color":"","overlay-opacity":"","overlay-gradient":""}},"ast-content-background-meta":{"desktop":{"background-color":"var(--ast-global-color-5)","background-image":"","background-repeat":"repeat","background-position":"center center","background-size":"auto","background-attachment":"scroll","background-type":"","background-media":"","overlay-type":"","overlay-color":"","overlay-opacity":"","overlay-gradient":""},"tablet":{"background-color":"var(--ast-global-color-5)","background-image":"","background-repeat":"repeat","background-position":"center center","background-size":"auto","background-attachment":"scroll","background-type":"","background-media":"","overlay-type":"","overlay-color":"","overlay-opacity":"","overlay-gradient":""},"mobile":{"background-color":"var(--ast-global-color-5)","background-image":"","background-repeat":"repeat","background-position":"center center","background-size":"auto","background-attachment":"scroll","background-type":"","background-media":"","overlay-type":"","overlay-color":"","overlay-opacity":"","overlay-gradient":""}},"footnotes":""},"class_list":["post-2178","page","type-page","status-publish","hentry"],"_links":{"self":[{"href":"https:\/\/smart-home-company.com.ar\/arg\/wp-json\/wp\/v2\/pages\/2178","targetHints":{"allow":["GET"]}}],"collection":[{"href":"https:\/\/smart-home-company.com.ar\/arg\/wp-json\/wp\/v2\/pages"}],"about":[{"href":"https:\/\/smart-home-company.com.ar\/arg\/wp-json\/wp\/v2\/types\/page"}],"author":[{"embeddable":true,"href":"https:\/\/smart-home-company.com.ar\/arg\/wp-json\/wp\/v2\/users\/2"}],"replies":[{"embeddable":true,"href":"https:\/\/smart-home-company.com.ar\/arg\/wp-json\/wp\/v2\/comments?post=2178"}],"version-history":[{"count":40,"href":"https:\/\/smart-home-company.com.ar\/arg\/wp-json\/wp\/v2\/pages\/2178\/revisions"}],"predecessor-version":[{"id":3669,"href":"https:\/\/smart-home-company.com.ar\/arg\/wp-json\/wp\/v2\/pages\/2178\/revisions\/3669"}],"wp:attachment":[{"href":"https:\/\/smart-home-company.com.ar\/arg\/wp-json\/wp\/v2\/media?parent=2178"}],"curies":[{"name":"wp","href":"https:\/\/api.w.org\/{rel}","templated":true}]}}